.
5, 11914033
What are the prime factors of 804340233?
3, 311, 95789
What are the prime factors of 60083274?
2, 3, 199, 50321
What are the prime factors of 431005743?
3, 7, 17, 29, 13877
What are the prime factors of 728066020?
2, 5, 11, 37, 89443
List the prime factors of 2262593595.
3, 5, 5821, 25913
What are the prime factors of 19179991?
29, 173, 3823
What are the prime factors of 2688709083?
3, 173, 1559, 3323
What are the prime factors of 363897988?
2, 17, 5351441
What are the prime factors of 79123609?
457, 173137
List the prime factors of 4322823556.
2, 157, 6883477
List the prime factors of 1008022361.
17, 199, 297967
What are the prime factors of 7818673294?
2, 3909336647
What are the prime factors of 47755242?
2, 3, 41, 64709
What are the prime factors of 41560671?
3, 13853557
What are the prime factors of 198615126?
2, 3, 131, 252691
List the prime factors of 578569806.
2, 3, 17, 157, 12043
What are the prime factors of 39956565?
3, 5, 11, 242161
What are the prime factors of 2079622327?
89, 23366543
What are the prime factors of 49500501?
3, 317, 52051
What are the prime factors of 193892499?
3, 21543611
List the prime factors of 4010437558.
2, 61, 2099, 15661
List the prime factors of 2819257093.
167, 16881779
What are the prime factors of 218870306?
2, 109435153
What are the prime factors of 2175667158?
2, 3, 7, 269, 192571
What are the prime factors of 1596538?
2, 17, 46957
List the prime factors of 51518174.
2, 1187, 21701
List the prime factors of 89107487.
7, 12729641
List the prime factors of 369553436.
2, 7, 1753, 7529
What are the prime factors of 555712?
2, 19, 457
What are the prime factors of 1406629721?
7, 28706729
List the prime factors of 180652420.
2, 5, 13, 127, 5471
List the prime factors of 2027152.
2, 31, 61, 67
What are the prime factors of 3204231071?
3204231071
What are the prime factors of 216314580?
2, 3, 5, 37, 139, 701
List the prime factors of 36436874.
2, 157, 116041
List the prime factors of 30032311.
1319, 22769
What are the prime factors of 337478?
2, 19, 83, 107
What are the prime factors of 197857529?
197857529
What are the prime factors of 884949?
3, 13, 22691
List the prime factors of 203650730.
2, 5, 2029, 10037
What are the prime factors of 1283853212?
2, 320963303
List the prime factors of 4124446374.
2, 3, 71, 9681799
List the prime factors of 185103963.
3, 11, 1869737
List the prime factors of 875464733.
11, 13, 37, 165463
What are the prime factors of 5427471?
3, 7, 17, 23, 661
What are the prime factors of 26598662?
2, 13299331
What are the prime factors of 1964293667?
7, 59, 4756159
List the prime factors of 266418144.
2, 3, 925063
List the prime factors of 235105049.
235105049
What are the prime factors of 2149855937?
227, 9470731
List the prime factors of 15419966.
2, 331, 23293
What are the prime factors of 145163243?
145163243
What are the prime factors of 48821480?
2, 5, 53, 23029
List the prime factors of 6214194689.
227, 27375307
What are the prime factors of 26640044?
2, 6660011
List the prime factors of 3240857.
67, 48371
List the prime factors of 156572234.
2, 7, 13, 37, 23251
What are the prime factors of 3639870191?
149, 353, 69203
What are the prime factors of 116985000?
2, 3, 5, 11, 709
List the prime factors of 699115095.
3, 5, 7, 139, 2281
What are the prime factors of 1724850341?
9883, 174527
What are the prime factors of 2795437937?
2795437937
What are the prime factors of 3246359813?
3246359813
What are the prime factors of 3307786755?
3, 5, 7, 13, 127, 19081
What are the prime factors of 4633999?
4633999
What are the prime factors of 1319052998?
2, 19, 34711921
What are the prime factors of 171967342?
2, 17, 37, 223, 613
List the prime factors of 423741026.
2, 211870513
What are the prime factors of 42475087?
683, 62189
List the prime factors of 1400667258.
2, 3, 1091, 213973
List the prime factors of 1217772844.
2, 11059, 27529
List the prime factors of 301855751.
29, 10408819
What are the prime factors of 3557383311?
3, 89, 107, 239, 521
List the prime factors of 44438047.
23, 1932089
What are the prime factors of 1633147321?
13, 125626717
What are the prime factors of 298844275?
5, 17, 29, 24247
What are the prime factors of 168287987?
7, 23, 67, 15601
List the prime factors of 25641640.
2, 5, 19, 33739
List the prime factors of 16920048.
2, 3, 31, 83, 137
List the prime factors of 1350029583.
3, 7, 21429041
What are the prime factors of 47704227?
3, 17, 935377
List the prime factors of 104691647.
104691647
List the prime factors of 43157530.
2, 5, 13, 25537
What are the prime factors of 169272043?
17, 29, 131, 2621
List the prime factors of 56366633.
29, 281, 6917
List the prime factors of 295862355.
3, 5, 41, 53453
What are the prime factors of 275497303?
29, 327583
What are the prime factors of 87729981?
3, 23, 1271449
List the prime factors of 1232845415.
5, 59, 337, 12401
List the prime factors of 6572522576.
2, 410782661
What are the prime factors of 19782340?
2, 5, 31, 31907
List the prime factors of 1439748694.
2, 719874347
List the prime factors of 48580917.
3, 7, 11, 17, 89, 139
List the prime factors of 422535636.
2, 3, 3912367
What are the prime factors of 440577094?
2, 220288547
List the prime factors of 46517696.
2, 726839
List the prime factors of 1946088547.
13, 19, 414679
What are the prime factors of 570602239?
23, 24808793
What are the prime factors of 159788949?
3, 1093, 48731
List the prime factors of 23857829.
67, 97, 3671
List the prime factors of 37858327.
13, 757, 3847
List the prime factors of 33317962.
2, 16658981
What are the prime factors of 277942649?
23, 41, 241, 1223
What are the prime factors of 32912812?
2, 67, 127, 967
What are the prime factors of 1454406515?
5, 8087, 35969
List the prime factors of 357269129.
7, 191, 267217
List the prime factors of 4054535538.
2, 3, 3313, 203971
List the prime factors of 203833428.
2, 3, 449, 37831
What are the prime factors of 917191135?
5, 7, 47, 71, 7853
What are the prime factors of 8039527?
19, 423133
What are the prime factors of 172651831?
11, 67, 317, 739
List the prime factors of 1537005200.
2, 5, 223, 17231
What are the prime factors of 330114175?
5, 13204567
What are the prime factors of 124443820?
2, 5, 6222191
What are the prime factors of 77697929?
77697929
What are the prime factors of 859608669?
3, 4903, 58441
List the prime factors of 142929613.
23, 6214331
List the prime factors of 8523981.
3, 315703
What are the prime factors of 1192265388?
2, 3, 2069, 16007
List the prime factors of 515980627.
197, 463, 5657
What are the prime factors of 1823776151?
1823776151
What are the prime factors of 42813174?
2, 3, 17, 421, 997
List the prime factors of 1066217528.
2, 19, 577, 12157
What are the prime factors of 1252701760?
2, 5, 1289, 3037
List the prime factors of 1390046432.
2, 47, 907, 1019
List the prime factors of 935295779.
11, 3037, 27997
List the prime factors of 2312544864.
2, 3, 7, 3441287
List the prime factors of 24362672.
2, 983, 1549
List the prime factors of 2130047563.
7, 304292509
List the prime factors of 387736764.
2, 3, 37, 53, 16477
What are the prime factors of 1939928903?
11, 607, 290539
List the prime factors of 127393720.
2, 5, 1579, 2017
List the prime factors of 1142119175.
5, 45684767
What are the prime factors of 3548540649?
3, 1182846883
What are the prime factors of 193434776?
2, 2459, 9833
What are the prime factors of 112384683?
3, 12487187
What are the prime factors of 2252053870?
2, 5, 11, 29, 705973
What are the prime factors of 41933972?
2, 179, 58567
List the prime factors of 351857625.
3, 5, 7, 311, 431
List the prime factors of 50438357.
50438357
What are the prime factors of 5320234407?
3, 1773411469
What are the prime factors of 5221578153?
3, 11, 12539, 12619
What are the prime factors of 590297418?
2, 3, 41, 73, 10957
What are the prime factors of 2287854550?
2, 5, 45757091
What are the prime factors of 54272525?
5, 23, 37, 2551
List the prime factors of 268070173.
7, 61, 627799
List the prime factors of 3607596728.
2, 19, 31, 765619
What are the prime factors of 55304721?
3, 1109, 1847
List the prime factors of 52931577.
3, 53, 332903
List the prime factors of 10143048.
2, 3, 422627
What are the prime factors of 88486692?
2, 3, 7, 41,